 is divided by (-1672)/(-36) + k/(-54).
44
Suppose 8047 = -5*x + 7*x + 6457. Calculate the remainder when x is divided by 795.
0
Suppose f = -744 + 764. Calculate the remainder when 414 is divided by f.
14
Let w(y) = -16*y**3 + y**2 + y. Let b be 143/52 - (-6)/(-8). Suppose -5*o + t = 2*t + 3, -b = -t. What is the remainder when 27 is divided by w(o)?
11
Suppose -6*w - w = 9*w - 864. What is the remainder when 256 is divided by w?
40
Let h(c) = c**3 + 26*c**2 - 80*c + 455. Calculate the remainder when h(-29) is divided by 63.
0
Let m(c) = -51*c + 530. What is the remainder when m(8) is divided by 23?
7
Suppose 1758 - 5358 = 24*s. What is the remainder when 9 is divided by 5/(35/(-2)) + s/(-35)?
1
Let j = 845 + -799. Let a(g) = g**2 + 2*g + 1. Calculate the remainder when j is divided by a(-5).
14
Calculate the remainder when (-6 + -3 + 8)*-339 is divided by 170.
169
Let o(r) = 8*r**2 + 36*r - 135. Calculate the remainder when o(5) is divided by 10.
5
Suppose 4*g = 4*r + 4, 7*r - 4*r + 3 = -2*g. Suppose 2*d = 2*s + 16, g = -2*s - 2*s. Calculate the remainder when 102 is divided by d.
6
Let l(f) = 1 + 540*f**3 - 2*f + 3*f - 542*f**3. Suppose -1 = 3*v + 5. Calculate the remainder when 41 is divided by l(v).
11
Suppose -2*s = 152 + 120. Let p = 339 + s. Calculate the remainder when (-10)/(-40) + p/4 is divided by 18.
15
Suppose 16*y - 92*y - 40349 = -164153. Calculate the remainder when y is divided by 233.
231
Suppose 419*q + 2376 = 446*q. Calculate the remainder when 478 is divided by q.
38
Let m = 15 + -12. Let f be (4 + -2 + -3)/(2/(-86)). Let j = 45 - f. Calculate the remainder when m is divided by j.
1
Let x be (129/(-2))/((-15)/(-20)). Let g = -87 - x. What is the remainder when g/(((-6)/456)/(3 - 2)) is divided by 13?
11
Let i = 12 - 0. Suppose 120 = -i*z + 18*z. Calculate the remainder when 37 is divided by z.
17
Let j = 2976 + -1562. Let d = -985 + j. What is the remainder when d is divided by 48?
45
Suppose 2*x + 2*z - 34 = 0, -x + 2*z = -2 - 0. Suppose -2*n - 3*v + x = -16, -v = -4. Calculate the remainder when 109 is divided by n.
5
Let j be (-11)/(-44)*(23 - -1). What is the remainder when 173*((-2)/j + (-28)/(-21)) is divided by 28?
5
Let j(a) = 627*a + 1914. What is the remainder when 52 is divided by j(-3)?
19
Suppose -d = 3*h + 1832, -2696 + 255 = 4*h + 3*d. Let b = h - -716. What is the remainder when b is divided by 12?
9
Let u(n) = n**2 + 19*n + 4. Let j be u(-19). Suppose 0 = -j*i + 4*b + 96, -4*i - b + 104 = 3*b. What is the remainder when 495 is divided by i?
20
Suppose 22*q + 245 = -547. Calculate the remainder when 90 is divided by 6*(-9)/18 - q.
24
Let z = -145 + 147. Suppose -q - 7*l = -3*l - 84, z*l = -5*q + 438. What is the remainder when q is divided by 7?
4
Suppose 2*a = -3*b + 77, 34*b - 30*b - 86 = -a. Calculate the remainder when 2*(-1 + (-42)/(-4)) is divided by b.
0
Let u = -6134 - -11416. What is the remainder when u is divided by 151?
148
Suppose -500 = -19*r - r. Let u(s) = 25*s - 209. What is the remainder when u(r) is divided by 84?
80
Let d = 5742 + -5487. Calculate the remainder when d is divided by 85.
0
Let r(w) = w**3 - w + 1. Let a(x) = -4*x**3 + 10*x**2 - 12*x - 1. Let q(j) = a(j) + 3*r(j). Calculate the remainder when 149 is divided by q(7).
17
Let j(d) = -23*d - 62. Let l be j(-7). Let u = l + 69. What is the remainder when u is divided by 34?
32
Let t(n) = 26*n**2 - 25*n**2 + 8*n - 389 + 391. Let p = 31 + -46. Calculate the remainder when t(p) is divided by 36.
35
Let d(v) = v**2 - 8*v - 24. What is the remainder when d(-7) is divided by 18?
9
Let j(l) = -2*l**3 - 3*l**2 + 23*l + 54. Calculate the remainder when 954 is divided by j(-3).
6
Suppose 11*q - 494 = 232. Suppose -5*a + s = -69 - q, 0 = -3*s. Calculate the remainder when a is divided by 6.
3
Let h(n) = 4*n**2 - 11*n + 4. Let g be h(7). Suppose 0 = 5*z - g - 77. Let x = z - 29. Calculate the remainder when 19 is divided by x.
8
Let i = 178 + -132. Suppose g + 0*t = -3*t + 22, -3*g + 2*t = -33. What is the remainder when i is divided by g?
7
Suppose -11 = 57*r - 1104 + 181. Calculate the remainder when 126 is divided by r.
14
Let d be (-40)/(-6) + (-1)/(-3). Let y = d - -38. Suppose -2*c - 7*r = -3*r - 40, 0 = 5*r - 20. What is the remainder when y is divided by c?
9
Calculate the remainder when 679 is divided by (152/57)/(4/168).
7
Let l(y) = -6*y**2 - 400*y - 227. Calculate the remainder when 130 is divided by l(-66).
19
Let d(t) = 6*t**2 - 2. Let x be d(-7). Suppose 239 = 4*q + 2*u - u, 5*q - x = u. Suppose -i + 10 = -q. What is the remainder when i is divided by 12?
9
Let r be 33/4 + (-112)/448. Suppose r + 2401 = 11*d. What is the remainder when d is divided by 55?
54
Let s(l) = -14*l - 814. What is the remainder when 3688 is divided by s(-64)?
80
What is the remainder when (-17028)/(-462)*28/12 is divided by -1 + (-2)/2 - -12?
6
Calculate the remainder when 1425 is divided by ((-81)/(-3) - 1)*(-10 - -11).
21
Suppose 6*g = 2*o - 1314, -639 = -8*o + 7*o - 3*g. Calculate the remainder when o is divided by 46.
4
Suppose -2*o - 5*u = 355, -2*o + 3*u + 29 - 408 = 0. Let f = -108 - o. What is the remainder when f is divided by ((-208)/48)/((-32)/6 - -5)?
12
Let o(b) = 1725*b - 9296. Calculate the remainder when o(6) is divided by 224.
158
Let z = 11 - 7. Suppose -4*v + 18 + 24 = -3*q, -z*q - 44 = -4*v. What is the remainder when 2/(-8) + 30/(-8) + 39 is divided by v?
8
Let j(u) be the third derivative of -u**5/60 + 5*u**4/6 - 5*u**3 + 161*u**2. What is the remainder when j(15) is divided by 15?
0
Suppose 0 = -75*b + 250 - 25. Suppose -v = -0*v - 5. What is the remainder when v is divided by b?
2
Suppose 0 = 4*p - 3*h - 150, 3*h = -2*p - 23 + 71. Calculate the remainder when 2802 is divided by p.
30
Suppose 49 = 44*q - 37*q. Let f = -17 + 89. What is the remainder when f is divided by q?
2
Let n be ((5 + 1)/2)/(6 + -7). Calculate the remainder when 600/(-16)*10/n is divided by 26.
21
Let z(x) = 3*x**2 - 5*x - 6. Let a(k) = 2*k**3 - 67*k**2 - 117*k + 682. Calculate the remainder when a(35) is divided by z(5).
42
Let l = 13 + -1. Suppose 101*j = 4215 + 3966. What is the remainder when j is divided by l?
9
Suppose 6*y - 108 = 2*y. Let f be ((-3)/2)/((-1)/(-2)) + 263. What is the remainder when f/6*(-24)/(-10) is divided by y?
23
Let d be -3 - 4*122/8. Let o = d - -71. What is the remainder when -1 - -4 - (-93)/3 is divided by o?
6
Let h(j) = j**2 - 7*j + 224. Calculate the remainder when h(-18) is divided by 135.
134
Let i(m) = 2*m**2 - 67*m + 148. What is the remainder when 1475 is divided by i(38)?
5
Suppose -49*c + 3182 = 33*c - 8*c. Calculate the remainder when 151 is divided by c.
22
Suppose 2*c - 2 = -10, -4*w - 3*c + 8 = 0. Suppose -2 + w = i. What is the remainder when -18 + 35 + -12 - (-2)/(-1) is divided by i?
0
Let a = 146 - 110. Suppose 0 = 6*x + 44 - 278. What is the remainder when x is divided by a?
3
Let i(p) = 59*p + 1690. What is the remainder when i(-25) is divided by 11?
6
Suppose -29*x + 6208 = -24*x + v, 2473 = 2*x - 3*v. What is the remainder when x is divided by 124?
1
Let n = -1027 + 1032. What is the remainder when 133 is divided by 0 - (n/(-15))/(1/102)?
31
Suppose -4*t - 51561 = -41*t - 14*t. What is the remainder when t is divided by 33?
21
Suppose 4*i - 57 + 5 = 4*j, -2*i + 29 = -j. Suppose -2*y = o - 37, -3*o = -4*y - 12 + 71. Suppose 11 = 4*z - y. What is the remainder when i is divided by z?
2
Suppose 3*l - 23 = 2*d, 4*d = -4 - 12. Suppose l*h + 12*h - 34 = 0. Calculate the remainder when 14 is divided by h.
0
Suppose 12 = -35*j + 12. Suppose j = -v - 28*v + 2146. What is the remainder when 134 is divided by v?
60
Let y(q) = 6*q + 2. Let g = -135 + 141. Calculate the remainder when y(g) is divided by 0/(-1 + 2) + 14.
10
Suppose -15*o = -50 - 10. Suppose 11*j - 9*j + o*z = 48, 0 = -4*j + 2*z + 76. Let i(n) = n + 3. Calculate the remainder when j is divided by i(8).
9
Suppose 0 = 18*i - 15*i + m - 2324, -2*i + 1536 = -2*m. Let o = -738 + i. What is the remainder when o is divided by 10?
5
Calculate the remainder when (-22)/(-12 + (-46)/(-4)) is divided by 15.
14
Suppose -4*b - 3 = 13, -5*p + 4*b + 61 = 0. Let k(o) = 3*o**2 - 4*o - 8. Calculate the remainder when k(p) is divided by 34.
29
Let a(q) = -q**3 - 37*